{"id":987822,"date":"2021-07-27T07:44:14","date_gmt":"2021-07-27T07:44:14","guid":{"rendered":"https:\/\/belmiro.com.br\/?page_id=987822"},"modified":"2021-07-30T13:56:58","modified_gmt":"2021-07-30T13:56:58","slug":"perguntasrespostas","status":"publish","type":"page","link":"https:\/\/belmiro.com.br\/?page_id=987822","title":{"rendered":"Perguntas e Respostas"},"content":{"rendered":"\t\t<h2 class=\"text-divider-double\">\t\t\t\nRESPOSTAS \u00c0S PERGUNTAS FEITAS NO FORMUL\u00c1RIO:\t\t<\/h2>\t\t<div class=\"sep\"><\/div>\t\n<div class=\"push\" style='height:10px'><\/div>\n<div class=\"row \"><div class=\"wpv-grid grid-5-6  wpv-first-level first unextended\" style=\"padding-top:0px;padding-bottom:0px\" id=\"wpv-column-78b552c927970ac4c6850ae5c3ebce5a\" ><div class=\"clearfix dropcap-wrapper\"><div class=\"dropcap-left\"><span class='dropcap1 '>P<\/span><\/div><div class=\"dropcap-text\">As consultas s\u00e3o gratuitas?<\/div> <\/div>\n<div class=\"push\" style='height:20px'><\/div> <span class='dropcap1 '>R<\/span>\nConsultas simples ser\u00e3o respondidas sem nenhum custo. Contudo, a an\u00e1lise de casos particulares, o exame de documentos e demais situa\u00e7\u00f5es individualizadas, de cada interessado, ser\u00e3o objeto de contrato de presta\u00e7\u00e3o de servi\u00e7os. Para a presta\u00e7\u00e3o de servi\u00e7os advocat\u00edcios gratuitos, de boa qualidade, o mais recomendado \u00e9 a Defensoria P\u00fablica, esta que conta com um corpo de excelentes Defensores e estagi\u00e1rios, a servi\u00e7o da popula\u00e7\u00e3o de baixa renda.<\/div><\/div>\n<div class=\"sep-3\"><\/div>\n<div class=\"row \"><div class=\"wpv-grid grid-5-6  wpv-first-level first unextended\" style=\"padding-top:0px;padding-bottom:0px\" id=\"wpv-column-917bce315e917e7b2a3a4ef90be09263\" ><div class=\"clearfix dropcap-wrapper\"><div class=\"dropcap-left\"><span class='dropcap1 '>P<\/span><\/div><div class=\"dropcap-text\">Quais s\u00e3o as formas de contato?<\/div> <\/div>\n<div class=\"clearboth\"><\/div> <div class=\"push\" style='height:20px'><\/div> <span class='dropcap1 '>R<\/span>\nA \u00fanica forma de contato existente, neste website, \u00e9 atrav\u00e9s do formul\u00e1rio da primeira p\u00e1gina. Uma vez que o interessado se torne um cliente, ent\u00e3o ser\u00e3o oferecidas outras formas de contato: por e-mail, por WhatsApp e por celular, de forma a permitir uma comunica\u00e7\u00e3o mais r\u00e1pida e mais efetiva.<\/div><\/div>\n<div class=\"sep-3\"><\/div>\n<div class=\"row \"><div class=\"wpv-grid grid-5-6  wpv-first-level first unextended\" style=\"padding-top:0px;padding-bottom:0px\" id=\"wpv-column-3f565b184cdb6720785535771a6e7edb\" ><div class=\"clearfix dropcap-wrapper\"><div class=\"dropcap-left\"><span class='dropcap1 '>P<\/span><\/div><div class=\"dropcap-text\">Mas n\u00e3o nos encontraremos, pessoalmente?<\/div> <\/div>\n<div class=\"clearboth\"><\/div> <div class=\"push\" style='height:20px'><\/div> <span class='dropcap1 '>R<\/span>\nEventualmente, sim. Nos tempos atuais, principalmente, depois da pandemia do novo coronav\u00edrus, tornou-se comum a intera\u00e7\u00e3o remota entre as pessoas. Mesmo as audi\u00eancias no Poder Judici\u00e1rio s\u00e3o remotas, atrav\u00e9s de programas com o Google Meet. Tenho v\u00e1rios clientes com que nunca me encontrei, pessoalmente, mas com quem sempre interajo, com muita satisfa\u00e7\u00e3o, atrav\u00e9s do WhatsApp, telefone e e-mail.<\/div><\/div>\n<div class=\"sep-3\"><\/div>\n<div class=\"row \"><div class=\"wpv-grid grid-5-6  wpv-first-level first unextended\" style=\"padding-top:0px;padding-bottom:0px\" id=\"wpv-column-8b0d119155783a5a9ad027afdca5f386\" ><div class=\"clearfix dropcap-wrapper\"><div class=\"dropcap-left\"><span class='dropcap1 '>P<\/span><\/div><div class=\"dropcap-text\">E quanto aos documentos, como fa\u00e7o para lhe entregar?<\/div> <\/div>\n<div class=\"clearboth\"><\/div> <div class=\"push\" style='height:20px'><\/div> <span class='dropcap1 '>R<\/span>\nCom a predomin\u00e2ncia do processo eletr\u00f4nico, todos os documentos apresentados em Ju\u00edzo s\u00e3o digitalizados. Portanto, por meio do uso de scanner (ou multifuncionais), preferencialmente, a fotografias de celular (estas admitidas como um recurso extremo), todos os documentos podem ser enviados por e-mail, ou WhatsApp, ap\u00f3s sua convers\u00e3o ao meio digital.<\/div><\/div>\n<div class=\"sep-3\"><\/div>\n<div class=\"push\" style='height:120px'><\/div>\n<div class=\"row \"><div class=\"wpv-grid grid-1-1  wpv-first-level first has-background extended\" style=\"background-color:#EFEFEF;padding-top:20px;padding-bottom:10px\" id=\"wpv-column-724e8a9a00bde2531f67970c8247a016\" ><div class=\"extended-column-inner\"><style>#wpv-column-724e8a9a00bde2531f67970c8247a016 p,#wpv-column-724e8a9a00bde2531f67970c8247a016 em,#wpv-column-724e8a9a00bde2531f67970c8247a016 .column-title,#wpv-column-724e8a9a00bde2531f67970c8247a016 .sep-text h2.regular-title-wrapper,#wpv-column-724e8a9a00bde2531f67970c8247a016 .text-divider-double,#wpv-column-724e8a9a00bde2531f67970c8247a016 .sep-text .sep-text-line,#wpv-column-724e8a9a00bde2531f67970c8247a016 .sep,#wpv-column-724e8a9a00bde2531f67970c8247a016 .sep-2,#wpv-column-724e8a9a00bde2531f67970c8247a016 .sep-3,#wpv-column-724e8a9a00bde2531f67970c8247a016 td,#wpv-column-724e8a9a00bde2531f67970c8247a016 th,#wpv-column-724e8a9a00bde2531f67970c8247a016 caption{color:#707070;}#wpv-column-724e8a9a00bde2531f67970c8247a016:before{background-color:transparent;}<\/style><div class=\"row \"><div class=\"wpv-grid grid-1-1  first unextended\" style=\"padding-top:0px;padding-bottom:0px\" id=\"wpv-column-54a81d6aa12e192e39bdab709514cb4c\" ><h4 style=\"text-align: center;\"><span class=\"accent-4\"><a href=\"\/#REQUESTFORM\">\u2013 FA\u00c7A A SUA PERGUNTA \u2013<\/a><\/span><\/h4>\n<div class=\"push\" style='height:10px'><\/div><\/div><\/div><\/div><\/div><\/div>\n","protected":false},"excerpt":{"rendered":"<p>Consultas simples ser\u00e3o respondidas sem nenhum custo. Contudo, a an\u00e1lise de casos particulares, o exame de documentos e demais situa\u00e7\u00f5es individualizadas, de cada interessado, ser\u00e3o objeto de contrato de presta\u00e7\u00e3o de servi\u00e7os. Para a presta\u00e7\u00e3o de servi\u00e7os advocat\u00edcios gratuitos, de boa qualidade, o mais recomendado \u00e9 a Defensoria P\u00fablica, esta que conta com um corpo&#8230;<\/p>\n","protected":false},"author":1,"featured_media":0,"parent":0,"menu_order":0,"comment_status":"closed","ping_status":"open","template":"","meta":{"footnotes":""},"class_list":["post-987822","page","type-page","status-publish","hentry"],"yoast_head":"<!-- This site is optimized with the Yoast SEO plugin v23.5 - https:\/\/yoast.com\/wordpress\/plugins\/seo\/ -->\n<title>Perguntas e Respostas - Belmiro Rufini Valente, Advogado<\/title>\n<meta name=\"description\" content=\"advogado invent\u00e1rio usucapi\u00e3o interdi\u00e7\u00e3o\" \/>\n<meta name=\"robots\" content=\"index, follow, max-snippet:-1, max-image-preview:large, max-video-preview:-1\" \/>\n<link rel=\"canonical\" href=\"https:\/\/belmiro.com.br\/?page_id=987822\" \/>\n<meta property=\"og:locale\" content=\"en_US\" \/>\n<meta property=\"og:type\" content=\"article\" \/>\n<meta property=\"og:title\" content=\"Perguntas e Respostas - Belmiro Rufini Valente, Advogado\" \/>\n<meta property=\"og:description\" content=\"advogado invent\u00e1rio usucapi\u00e3o interdi\u00e7\u00e3o\" \/>\n<meta property=\"og:url\" content=\"https:\/\/belmiro.com.br\/?page_id=987822\" \/>\n<meta property=\"og:site_name\" content=\"Belmiro Rufini Valente, Advogado\" \/>\n<meta property=\"article:modified_time\" content=\"2021-07-30T13:56:58+00:00\" \/>\n<meta property=\"og:image\" content=\"https:\/\/belmiro.com.br\/wp-content\/uploads\/2021\/07\/Banner_Belmiro_1.png\" \/>\n\t<meta property=\"og:image:width\" content=\"540\" \/>\n\t<meta property=\"og:image:height\" content=\"140\" \/>\n\t<meta property=\"og:image:type\" content=\"image\/png\" \/>\n<meta name=\"twitter:card\" content=\"summary_large_image\" \/>\n<meta name=\"twitter:label1\" content=\"Est. reading time\" \/>\n\t<meta name=\"twitter:data1\" content=\"3 minutes\" \/>\n<script type=\"application\/ld+json\" class=\"yoast-schema-graph\">{\"@context\":\"https:\/\/schema.org\",\"@graph\":[{\"@type\":\"WebPage\",\"@id\":\"https:\/\/belmiro.com.br\/?page_id=987822\",\"url\":\"https:\/\/belmiro.com.br\/?page_id=987822\",\"name\":\"Perguntas e Respostas - Belmiro Rufini Valente, Advogado\",\"isPartOf\":{\"@id\":\"https:\/\/belmiro.com.br\/#website\"},\"datePublished\":\"2021-07-27T07:44:14+00:00\",\"dateModified\":\"2021-07-30T13:56:58+00:00\",\"description\":\"advogado invent\u00e1rio usucapi\u00e3o interdi\u00e7\u00e3o\",\"breadcrumb\":{\"@id\":\"https:\/\/belmiro.com.br\/?page_id=987822#breadcrumb\"},\"inLanguage\":\"en-US\",\"potentialAction\":[{\"@type\":\"ReadAction\",\"target\":[\"https:\/\/belmiro.com.br\/?page_id=987822\"]}]},{\"@type\":\"BreadcrumbList\",\"@id\":\"https:\/\/belmiro.com.br\/?page_id=987822#breadcrumb\",\"itemListElement\":[{\"@type\":\"ListItem\",\"position\":1,\"name\":\"Home\",\"item\":\"https:\/\/belmiro.com.br\/\"},{\"@type\":\"ListItem\",\"position\":2,\"name\":\"Perguntas e Respostas\"}]},{\"@type\":\"WebSite\",\"@id\":\"https:\/\/belmiro.com.br\/#website\",\"url\":\"https:\/\/belmiro.com.br\/\",\"name\":\"Belmiro Rufini Valente, Advogado\",\"description\":\"Belmiro Rufini Valente, Advogado\",\"publisher\":{\"@id\":\"https:\/\/belmiro.com.br\/#\/schema\/person\/cd9324883cf09abf29674fedbfc30f0d\"},\"potentialAction\":[{\"@type\":\"SearchAction\",\"target\":{\"@type\":\"EntryPoint\",\"urlTemplate\":\"https:\/\/belmiro.com.br\/?s={search_term_string}\"},\"query-input\":{\"@type\":\"PropertyValueSpecification\",\"valueRequired\":true,\"valueName\":\"search_term_string\"}}],\"inLanguage\":\"en-US\"},{\"@type\":[\"Person\",\"Organization\"],\"@id\":\"https:\/\/belmiro.com.br\/#\/schema\/person\/cd9324883cf09abf29674fedbfc30f0d\",\"name\":\"belmiro\",\"image\":{\"@type\":\"ImageObject\",\"inLanguage\":\"en-US\",\"@id\":\"https:\/\/belmiro.com.br\/#\/schema\/person\/image\/\",\"url\":\"https:\/\/belmiro.com.br\/wp-content\/uploads\/2021\/07\/Logo_vetor_02.png\",\"contentUrl\":\"https:\/\/belmiro.com.br\/wp-content\/uploads\/2021\/07\/Logo_vetor_02.png\",\"width\":205,\"height\":120,\"caption\":\"belmiro\"},\"logo\":{\"@id\":\"https:\/\/belmiro.com.br\/#\/schema\/person\/image\/\"},\"sameAs\":[\"https:\/\/belmiro.com.br\"]}]}<\/script>\n<!-- \/ Yoast SEO plugin. -->","yoast_head_json":{"title":"Perguntas e Respostas - Belmiro Rufini Valente, Advogado","description":"advogado invent\u00e1rio usucapi\u00e3o interdi\u00e7\u00e3o","robots":{"index":"index","follow":"follow","max-snippet":"max-snippet:-1","max-image-preview":"max-image-preview:large","max-video-preview":"max-video-preview:-1"},"canonical":"https:\/\/belmiro.com.br\/?page_id=987822","og_locale":"en_US","og_type":"article","og_title":"Perguntas e Respostas - Belmiro Rufini Valente, Advogado","og_description":"advogado invent\u00e1rio usucapi\u00e3o interdi\u00e7\u00e3o","og_url":"https:\/\/belmiro.com.br\/?page_id=987822","og_site_name":"Belmiro Rufini Valente, Advogado","article_modified_time":"2021-07-30T13:56:58+00:00","og_image":[{"width":540,"height":140,"url":"https:\/\/belmiro.com.br\/wp-content\/uploads\/2021\/07\/Banner_Belmiro_1.png","type":"image\/png"}],"twitter_card":"summary_large_image","twitter_misc":{"Est. reading time":"3 minutes"},"schema":{"@context":"https:\/\/schema.org","@graph":[{"@type":"WebPage","@id":"https:\/\/belmiro.com.br\/?page_id=987822","url":"https:\/\/belmiro.com.br\/?page_id=987822","name":"Perguntas e Respostas - Belmiro Rufini Valente, Advogado","isPartOf":{"@id":"https:\/\/belmiro.com.br\/#website"},"datePublished":"2021-07-27T07:44:14+00:00","dateModified":"2021-07-30T13:56:58+00:00","description":"advogado invent\u00e1rio usucapi\u00e3o interdi\u00e7\u00e3o","breadcrumb":{"@id":"https:\/\/belmiro.com.br\/?page_id=987822#breadcrumb"},"inLanguage":"en-US","potentialAction":[{"@type":"ReadAction","target":["https:\/\/belmiro.com.br\/?page_id=987822"]}]},{"@type":"BreadcrumbList","@id":"https:\/\/belmiro.com.br\/?page_id=987822#breadcrumb","itemListElement":[{"@type":"ListItem","position":1,"name":"Home","item":"https:\/\/belmiro.com.br\/"},{"@type":"ListItem","position":2,"name":"Perguntas e Respostas"}]},{"@type":"WebSite","@id":"https:\/\/belmiro.com.br\/#website","url":"https:\/\/belmiro.com.br\/","name":"Belmiro Rufini Valente, Advogado","description":"Belmiro Rufini Valente, Advogado","publisher":{"@id":"https:\/\/belmiro.com.br\/#\/schema\/person\/cd9324883cf09abf29674fedbfc30f0d"},"potentialAction":[{"@type":"SearchAction","target":{"@type":"EntryPoint","urlTemplate":"https:\/\/belmiro.com.br\/?s={search_term_string}"},"query-input":{"@type":"PropertyValueSpecification","valueRequired":true,"valueName":"search_term_string"}}],"inLanguage":"en-US"},{"@type":["Person","Organization"],"@id":"https:\/\/belmiro.com.br\/#\/schema\/person\/cd9324883cf09abf29674fedbfc30f0d","name":"belmiro","image":{"@type":"ImageObject","inLanguage":"en-US","@id":"https:\/\/belmiro.com.br\/#\/schema\/person\/image\/","url":"https:\/\/belmiro.com.br\/wp-content\/uploads\/2021\/07\/Logo_vetor_02.png","contentUrl":"https:\/\/belmiro.com.br\/wp-content\/uploads\/2021\/07\/Logo_vetor_02.png","width":205,"height":120,"caption":"belmiro"},"logo":{"@id":"https:\/\/belmiro.com.br\/#\/schema\/person\/image\/"},"sameAs":["https:\/\/belmiro.com.br"]}]}},"_links":{"self":[{"href":"https:\/\/belmiro.com.br\/index.php?rest_route=\/wp\/v2\/pages\/987822"}],"collection":[{"href":"https:\/\/belmiro.com.br\/index.php?rest_route=\/wp\/v2\/pages"}],"about":[{"href":"https:\/\/belmiro.com.br\/index.php?rest_route=\/wp\/v2\/types\/page"}],"author":[{"embeddable":true,"href":"https:\/\/belmiro.com.br\/index.php?rest_route=\/wp\/v2\/users\/1"}],"replies":[{"embeddable":true,"href":"https:\/\/belmiro.com.br\/index.php?rest_route=%2Fwp%2Fv2%2Fcomments&post=987822"}],"version-history":[{"count":9,"href":"https:\/\/belmiro.com.br\/index.php?rest_route=\/wp\/v2\/pages\/987822\/revisions"}],"predecessor-version":[{"id":987884,"href":"https:\/\/belmiro.com.br\/index.php?rest_route=\/wp\/v2\/pages\/987822\/revisions\/987884"}],"wp:attachment":[{"href":"https:\/\/belmiro.com.br\/index.php?rest_route=%2Fwp%2Fv2%2Fmedia&parent=987822"}],"curies":[{"name":"wp","href":"https:\/\/api.w.org\/{rel}","templated":true}]}}